{"id":394,"date":"2011-09-23T14:48:12","date_gmt":"2011-09-23T12:48:12","guid":{"rendered":"http:\/\/www.tousdifferents.org\/?page_id=394"},"modified":"2012-03-15T00:05:15","modified_gmt":"2012-03-14T22:05:15","slug":"karaokeatre","status":"publish","type":"page","link":"https:\/\/www.heliosperdita.com\/?page_id=394","title":{"rendered":"Karaok\u00e9\u00e2tre"},"content":{"rendered":"<p style=\"text-align: justify;\">Karaok\u00e9, le mot vient du japonais kara qui signifie \u00ab vide \u00bb et oke qui signifie \u00ab orchestration \u00bb.<br \/>\nVoil\u00e0 tout est dit !<br \/>\nPr\u00e9parer un grand vide remplir avec du public, secouer et orchestrer, avec acteurs professionnels et lecteurs improvis\u00e9s, autour d\u02bcun r\u00e9pertoire classique, d\u00e9guster chaud.<br \/>\nLe texte d\u00e9filant devant vos yeux, le spectacle s\u02bcorganise \u00e0 travers une lecture vivante et th\u00e9\u00e2tralis\u00e9e o\u00f9 dans le plaisir de dire, de jouer, de jouer \u00e0 dire, nous interpr\u00e9tons ensemble une pi\u00e8ce d\u02bcun r\u00e9pertoire classique guid\u00e9 par le metteur en sc\u00e8ne.<\/p>\n<p style=\"text-align: justify;\"><span style=\"color: #00ffff;\">Con\u00e7u par <\/span>Th\u00e9o Kailer, <span style=\"color: #00ffff;\">avec:<\/span> Val\u00e9rie Furiosi, Th\u00e9o Kailer, Marie Marquis\u00a0<span style=\"color: #00ffff;\">R\u00e9alisation sonore:<\/span> Fran\u00e7ois Vatin, Th\u00e9o Kailer\u00a0<span style=\"color: #00ffff;\">Avec le soutien du<\/span> Jeune Th\u00e9\u00e2tre National<span style=\"color: #00ffff;\"> et de<\/span> La Collectivit\u00e9 Territoriale de Corse. <span style=\"color: #00ffff;\">Photographie:<span style=\"color: #c0c0c0;\"> (1&amp;2)<\/span><\/span> Antoine Ageron.<\/p>\n<p>Au Festival du Mot Juin 2011:<\/p>\n<p><span style=\"line-height: normal; font-size: 12px;\"><span style=\"color: #ff0000;\"><strong>\u261e <\/strong><\/span><\/span><a href=\"http:\/\/www.heliosperdita.com\/wp-content\/uploads\/Karaok\u00e9\u00e2tre-festival-du-mot-2.mp4\">Karaok\u00e9\u00e2tre festival du mot<div id='gallery-1' class='gallery galleryid-394 gallery-columns-2 gallery-size-thumbnail'><figure class='gallery-item'>\n\t\t\t<div class='gallery-icon landscape'>\n\t\t\t\t<a href='https:\/\/www.heliosperdita.com\/wp-content\/uploads\/festival-du-mot.jpg'><img width=\"100\" height=\"100\" src=\"https:\/\/www.heliosperdita.com\/wp-content\/uploads\/festival-du-mot-150x150.jpg\" class=\"attachment-thumbnail size-thumbnail\" alt=\"\" decoding=\"async\" loading=\"lazy\" \/><\/a>\n\t\t\t<\/div><\/figure><figure class='gallery-item'>\n\t\t\t<div class='gallery-icon landscape'>\n\t\t\t\t<a href='https:\/\/www.heliosperdita.com\/wp-content\/uploads\/TheoKaraoke+++.jpg'><img width=\"100\" height=\"100\" src=\"https:\/\/www.heliosperdita.com\/wp-content\/uploads\/TheoKaraoke+++-150x150.jpg\" class=\"attachment-thumbnail size-thumbnail\" alt=\"\" decoding=\"async\" loading=\"lazy\" \/><\/a>\n\t\t\t<\/div><\/figure><figure class='gallery-item'>\n\t\t\t<div class='gallery-icon landscape'>\n\t\t\t\t<a href='https:\/\/www.heliosperdita.com\/wp-content\/uploads\/Karaokeatre-la-Charite.jpg'><img width=\"100\" height=\"100\" src=\"https:\/\/www.heliosperdita.com\/wp-content\/uploads\/Karaokeatre-la-Charite-100x100.jpg\" class=\"attachment-thumbnail size-thumbnail\" alt=\"\" decoding=\"async\" loading=\"lazy\" \/><\/a>\n\t\t\t<\/div><\/figure><figure class='gallery-item'>\n\t\t\t<div class='gallery-icon portrait'>\n\t\t\t\t<a href='https:\/\/www.heliosperdita.com\/wp-content\/uploads\/Valerie-karaoke.jpg'><img width=\"100\" height=\"100\" src=\"https:\/\/www.heliosperdita.com\/wp-content\/uploads\/Valerie-karaoke-100x100.jpg\" class=\"attachment-thumbnail size-thumbnail\" alt=\"\" decoding=\"async\" loading=\"lazy\" \/><\/a>\n\t\t\t<\/div><\/figure>\n\t\t<\/div>\n<\/p>\n<p><\/a><\/p>\n<p>&nbsp;<\/p>\n<p>&nbsp;<\/p>\n<p>&nbsp;<\/p>\n<p>&nbsp;<\/p>\n<p>&nbsp;<\/p>\n<p>&nbsp;<\/p>\n<p>&nbsp;<\/p>\n<p>&nbsp;<\/p>\n","protected":false},"excerpt":{"rendered":"<p>Karaok\u00e9, le mot vient du japonais kara qui signifie \u00ab vide \u00bb et oke qui signifie \u00ab orchestration \u00bb. Voil\u00e0 tout est dit ! Pr\u00e9parer un grand vide remplir avec du public, secouer et orchestrer, avec acteurs professionnels et lecteurs improvis\u00e9s, autour d\u02bcun r\u00e9pertoire classique, d\u00e9guster chaud. Le texte d\u00e9filant devant vos yeux, le spectacle [&hellip;]<\/p>\n","protected":false},"author":2,"featured_media":0,"parent":1010,"menu_order":86,"comment_status":"closed","ping_status":"closed","template":"","meta":{"_exactmetrics_skip_tracking":false,"_exactmetrics_sitenote_active":false,"_exactmetrics_sitenote_note":"","_exactmetrics_sitenote_category":0},"_links":{"self":[{"href":"https:\/\/www.heliosperdita.com\/index.php?rest_route=\/wp\/v2\/pages\/394"}],"collection":[{"href":"https:\/\/www.heliosperdita.com\/index.php?rest_route=\/wp\/v2\/pages"}],"about":[{"href":"https:\/\/www.heliosperdita.com\/index.php?rest_route=\/wp\/v2\/types\/page"}],"author":[{"embeddable":true,"href":"https:\/\/www.heliosperdita.com\/index.php?rest_route=\/wp\/v2\/users\/2"}],"replies":[{"embeddable":true,"href":"https:\/\/www.heliosperdita.com\/index.php?rest_route=%2Fwp%2Fv2%2Fcomments&post=394"}],"version-history":[{"count":31,"href":"https:\/\/www.heliosperdita.com\/index.php?rest_route=\/wp\/v2\/pages\/394\/revisions"}],"predecessor-version":[{"id":1145,"href":"https:\/\/www.heliosperdita.com\/index.php?rest_route=\/wp\/v2\/pages\/394\/revisions\/1145"}],"up":[{"embeddable":true,"href":"https:\/\/www.heliosperdita.com\/index.php?rest_route=\/wp\/v2\/pages\/1010"}],"wp:attachment":[{"href":"https:\/\/www.heliosperdita.com\/index.php?rest_route=%2Fwp%2Fv2%2Fmedia&parent=394"}],"curies":[{"name":"wp","href":"https:\/\/api.w.org\/{rel}","templated":true}]}}