{"id":211,"date":"2011-02-08T20:44:32","date_gmt":"2011-02-08T20:44:32","guid":{"rendered":"http:\/\/www.tousdifferents.org\/?page_id=211"},"modified":"2011-03-31T09:25:02","modified_gmt":"2011-03-31T08:25:02","slug":"la-terrifique-bikinella","status":"publish","type":"page","link":"https:\/\/www.heliosperdita.com\/?page_id=211","title":{"rendered":"La terrifique Bikinella"},"content":{"rendered":"<p><em>de Th\u00e9o Kailer<\/em><\/p>\n<p style=\"text-align: justify;\">Nous sommes en 2224, Carmen Bibi BIKINELLA n&#8217;est pas morte, Enfin elle n&#8217;est plus morte !<br \/>\nElle se r\u00e9veille du XX\u00b0 si\u00e8cle, \u00e0 demi monstre, tendance vampirisante, mi-innocence, mi-cruaut\u00e9, d\u00e9sesp\u00e9r\u00e9ment seule. Elle d\u00e9cide alors de prendre en main le destin de l&#8217;humanit\u00e9 quand elle d\u00e9couvre:<br \/>\nUn monde d\u00e9vou\u00e9 au culte du soleil, de la joie, du feu, domin\u00e9 par l&#8217;\u00e9colo-bio quelque chose, un monde sain, en train d&#8217;achever l&#8217;\u00e9limination du mot &#8220;mort&#8221;, de ses corps, de sa puanteur, un monde sans r\u00eave qui a transform\u00e9 les livres en nourriture, ray\u00e9 les auteurs, supprim\u00e9 les histoires, a fortiori effrayantes,<br \/>\nau profit de la seule information, un monde propre o\u00f9 le meurtre est devenu une aberration inimaginable, un monde o\u00f9 la lecture est devenue la r\u00e9ception de bits et d&#8217;octets par l&#8217;interm\u00e9diaire d&#8217;une puce, un monde rationnel et sans mensonge qui a rel\u00e9gu\u00e9 les hommes \u00e0 la marge o\u00f9 le secours de l&#8217;imagination est banni.<br \/>\nC&#8217;est cet univers inqui\u00e9tant d&#8217;humains orang\u00e9s, chauds dehors, froids dedans, que notre h\u00e9ro\u00efne Carmen Bibi BIKINELLA, bien qu&#8217;emp\u00each\u00e9e par le trouble inspecteur Henri essaiera de dynamiter.<br \/>\nEssaiera, dans cet \u00e9pisode en tout cas\u2026<\/p>\n<p><span style=\"color: #760017;\"><span style=\"color: #00ffff;\">Mise en sc\u00e8ne, sc\u00e9nographie :<\/span> <\/span>Th\u00e9o Kailer\u00a0<span style=\"color: #760017;\"><span style=\"color: #00ffff;\">Lumi\u00e8re :<\/span> <\/span>Eric Hennaut\u00a0<span style=\"color: #760017;\"><span style=\"color: #00ffff;\">Costumes :<\/span> <\/span>Brigitte Lauber\u00a0<span style=\"color: #760017;\"><span style=\"color: #00ffff;\">Cr\u00e9ation Maquillages et Masques :<\/span> <\/span>Colette Kramer\u00a0<span style=\"color: #760017;\"><span style=\"color: #00ffff;\">Musique et interpr\u00e8tation musicale :<\/span> <\/span>J.Y. Co\u00efc\u00a0<span style=\"color: #760017;\"><span style=\"color: #00ffff;\">Avec:<\/span> <\/span>Antonia Buresi, Val\u00e9rie Furiosi, Th\u00e9o Kailer<\/p>\n<p><span style=\"color: #ff0000;\">\u261e<\/span> <a href=\"http:\/\/heliosperdita.pagesperso-orange.fr\/index.html\">Bikinella en ziq<\/a><\/p>\n","protected":false},"excerpt":{"rendered":"<p>de Th\u00e9o Kailer Nous sommes en 2224, Carmen Bibi BIKINELLA n&#8217;est pas morte, Enfin elle n&#8217;est plus morte ! Elle se r\u00e9veille du XX\u00b0 si\u00e8cle, \u00e0 demi monstre, tendance vampirisante, mi-innocence, mi-cruaut\u00e9, d\u00e9sesp\u00e9r\u00e9ment seule. Elle d\u00e9cide alors de prendre en main le destin de l&#8217;humanit\u00e9 quand elle d\u00e9couvre: Un monde d\u00e9vou\u00e9 au culte du soleil, [&hellip;]<\/p>\n","protected":false},"author":1,"featured_media":0,"parent":449,"menu_order":98,"comment_status":"closed","ping_status":"closed","template":"","meta":{"_exactmetrics_skip_tracking":false,"_exactmetrics_sitenote_active":false,"_exactmetrics_sitenote_note":"","_exactmetrics_sitenote_category":0},"_links":{"self":[{"href":"https:\/\/www.heliosperdita.com\/index.php?rest_route=\/wp\/v2\/pages\/211"}],"collection":[{"href":"https:\/\/www.heliosperdita.com\/index.php?rest_route=\/wp\/v2\/pages"}],"about":[{"href":"https:\/\/www.heliosperdita.com\/index.php?rest_route=\/wp\/v2\/types\/page"}],"author":[{"embeddable":true,"href":"https:\/\/www.heliosperdita.com\/index.php?rest_route=\/wp\/v2\/users\/1"}],"replies":[{"embeddable":true,"href":"https:\/\/www.heliosperdita.com\/index.php?rest_route=%2Fwp%2Fv2%2Fcomments&post=211"}],"version-history":[{"count":9,"href":"https:\/\/www.heliosperdita.com\/index.php?rest_route=\/wp\/v2\/pages\/211\/revisions"}],"predecessor-version":[{"id":221,"href":"https:\/\/www.heliosperdita.com\/index.php?rest_route=\/wp\/v2\/pages\/211\/revisions\/221"}],"up":[{"embeddable":true,"href":"https:\/\/www.heliosperdita.com\/index.php?rest_route=\/wp\/v2\/pages\/449"}],"wp:attachment":[{"href":"https:\/\/www.heliosperdita.com\/index.php?rest_route=%2Fwp%2Fv2%2Fmedia&parent=211"}],"curies":[{"name":"wp","href":"https:\/\/api.w.org\/{rel}","templated":true}]}}