{"id":1745,"date":"2018-10-03T20:59:38","date_gmt":"2018-10-03T19:59:38","guid":{"rendered":"http:\/\/www.heliosperdita.com\/?page_id=1745"},"modified":"2023-09-20T11:47:10","modified_gmt":"2023-09-20T10:47:10","slug":"bob-dylan-revisited","status":"publish","type":"page","link":"https:\/\/www.heliosperdita.com\/?page_id=1745","title":{"rendered":"Bob Dylan revisited"},"content":{"rendered":"<p>Un spectacle \u00e9crit et mis en sc\u00e8ne par Th\u00e9o Kailer avec Val\u00e9rie Furiosi, Th\u00e9o Kailer, \u00a0Jean Marie Giannelli \u00e0 la guitare et au piano. Eclairage et r\u00e9gie g\u00e9n\u00e9rale Yann Even, son Pierric Serre.<\/p>\n<p><strong>Bob Dylan revisited_<\/strong><br \/>\n<div id=\"kgvid_kgvid_0_wrapper\" class=\"kgvid_wrapper kgvid_wrapper_auto_left kgvid_wrapper_auto_right\">\n\t\t\t<div id=\"video_kgvid_0_div\" class=\"fitvidsignore kgvid_videodiv\" data-id=\"kgvid_0\" data-kgvid_video_vars=\"{&quot;id&quot;:&quot;kgvid_0&quot;,&quot;attachment_id&quot;:1747,&quot;player_type&quot;:&quot;Video.js v8&quot;,&quot;width&quot;:&quot;640&quot;,&quot;height&quot;:&quot;360&quot;,&quot;fullwidth&quot;:&quot;false&quot;,&quot;fixed_aspect&quot;:&quot;false&quot;,&quot;countable&quot;:true,&quot;count_views&quot;:&quot;quarters&quot;,&quot;start&quot;:&quot;&quot;,&quot;autoplay&quot;:&quot;false&quot;,&quot;pauseothervideos&quot;:&quot;false&quot;,&quot;set_volume&quot;:1,&quot;muted&quot;:&quot;false&quot;,&quot;meta&quot;:false,&quot;endofvideooverlay&quot;:&quot;https:\\\/\\\/www.heliosperdita.com\\\/wp-content\\\/uploads\\\/Dylan-revisited_thumb39.jpg&quot;,&quot;resize&quot;:&quot;true&quot;,&quot;auto_res&quot;:&quot;automatic&quot;,&quot;pixel_ratio&quot;:&quot;true&quot;,&quot;right_click&quot;:&quot;on&quot;,&quot;playback_rate&quot;:&quot;false&quot;,&quot;title&quot;:&quot;Dylan revisited_&quot;,&quot;skip_buttons&quot;:[],&quot;nativecontrolsfortouch&quot;:&quot;true&quot;,&quot;locale&quot;:&quot;fr&quot;,&quot;enable_resolutions_plugin&quot;:false}\" itemprop=\"video\" itemscope itemtype=\"https:\/\/schema.org\/VideoObject\"><meta itemprop=\"thumbnailUrl\" content=\"https:\/\/www.heliosperdita.com\/wp-content\/uploads\/Dylan-revisited_thumb39.jpg\"><meta itemprop=\"embedUrl\" content=\"https:\/\/www.heliosperdita.com\/?attachment_id=1747&#038;videopack%5Benable%5D=true\"><meta itemprop=\"contentUrl\" content=\"https:\/\/www.heliosperdita.com\/wp-content\/uploads\/Dylan-revisited_.mp4\"><meta itemprop=\"name\" content=\"Dylan revisited_\"><meta itemprop=\"description\" content=\"Teaser Bob Dylan revisited\"><meta itemprop=\"uploadDate\" content=\"2018-10-03T21:07:00+01:00\">\n\t\t\t\t<video id=\"video_kgvid_0\" playsinline controls preload=\"metadata\" poster=\"https:\/\/www.heliosperdita.com\/wp-content\/uploads\/Dylan-revisited_thumb39.jpg\" width=\"640\" height=\"360\" class=\"fitvidsignore video-js kg-video-js-skin\">\n\t\t\t\t\t<source src=\"https:\/\/www.heliosperdita.com\/wp-content\/uploads\/Dylan-revisited_.mp4?id=0\" type=\"video\/mp4\" data-res=\"360p\">\n\t\t\t\t<\/video>\n\t\t\t<\/div>\n\t\t\t<div class=\"kgvid_below_video\" id=\"video_kgvid_0_below\"><div class=\"kgvid-caption\" id=\"video_kgvid_0_caption\">Teaser Bob Dylan revisited<\/div><\/div>\t\t<\/div><\/p>\n","protected":false},"excerpt":{"rendered":"<p>Un spectacle \u00e9crit et mis en sc\u00e8ne par Th\u00e9o Kailer avec Val\u00e9rie Furiosi, Th\u00e9o Kailer, \u00a0Jean Marie Giannelli \u00e0 la guitare et au piano. Eclairage et r\u00e9gie g\u00e9n\u00e9rale Yann Even, son Pierric Serre. Bob Dylan revisited_<\/p>\n","protected":false},"author":2,"featured_media":0,"parent":1010,"menu_order":80,"comment_status":"closed","ping_status":"closed","template":"","meta":{"_exactmetrics_skip_tracking":false,"_exactmetrics_sitenote_active":false,"_exactmetrics_sitenote_note":"","_exactmetrics_sitenote_category":0},"_links":{"self":[{"href":"https:\/\/www.heliosperdita.com\/index.php?rest_route=\/wp\/v2\/pages\/1745"}],"collection":[{"href":"https:\/\/www.heliosperdita.com\/index.php?rest_route=\/wp\/v2\/pages"}],"about":[{"href":"https:\/\/www.heliosperdita.com\/index.php?rest_route=\/wp\/v2\/types\/page"}],"author":[{"embeddable":true,"href":"https:\/\/www.heliosperdita.com\/index.php?rest_route=\/wp\/v2\/users\/2"}],"replies":[{"embeddable":true,"href":"https:\/\/www.heliosperdita.com\/index.php?rest_route=%2Fwp%2Fv2%2Fcomments&post=1745"}],"version-history":[{"count":5,"href":"https:\/\/www.heliosperdita.com\/index.php?rest_route=\/wp\/v2\/pages\/1745\/revisions"}],"predecessor-version":[{"id":1863,"href":"https:\/\/www.heliosperdita.com\/index.php?rest_route=\/wp\/v2\/pages\/1745\/revisions\/1863"}],"up":[{"embeddable":true,"href":"https:\/\/www.heliosperdita.com\/index.php?rest_route=\/wp\/v2\/pages\/1010"}],"wp:attachment":[{"href":"https:\/\/www.heliosperdita.com\/index.php?rest_route=%2Fwp%2Fv2%2Fmedia&parent=1745"}],"curies":[{"name":"wp","href":"https:\/\/api.w.org\/{rel}","templated":true}]}}