{"id":164,"date":"2011-02-08T15:41:47","date_gmt":"2011-02-08T14:41:47","guid":{"rendered":"http:\/\/www.tousdifferents.org\/?page_id=164"},"modified":"2023-08-08T09:14:50","modified_gmt":"2023-08-08T08:14:50","slug":"desir","status":"publish","type":"page","link":"https:\/\/www.heliosperdita.com\/?page_id=164","title":{"rendered":"D\u00e9sir"},"content":{"rendered":"<p style=\"text-align: left;\"><cite>&#8220;Vous ne d\u00e9sirez jamais quelqu&#8217;un ou quelque chose, vous d\u00e9sirez un ensemble, vous ne d\u00e9sirez pas une femme, vous d\u00e9sirez un paysage qui est envelopp\u00e9 dans une femme, un paysage pressenti.<br \/>\nVous d\u00e9sirez une chose dans un contexte, vous ne d\u00e9sirez jamais quelque chose tout seul, ni un ensemble, vous d\u00e9sirez dans un ensemble.<br \/>\nLe terme abstrait qui correspond \u00e0 d\u00e9sir c&#8217;est constructivisme, d\u00e9sirer, construire un ensemble.<br \/>\nAgencement d&#8217;une femme, d&#8217;un paysage, d&#8217;une couleur.<br \/>\nUn d\u00e9sir c&#8217;est construire, construire un agencement.<br \/>\nLe d\u00e9lire est tr\u00e8s li\u00e9 au d\u00e9sir, d\u00e9lirer c&#8217;est d\u00e9sirer, on ne d\u00e9lire pas sur son p\u00e8re ou sa m\u00e8re, on d\u00e9lire sur le monde entier, on d\u00e9lire sur l&#8217;histoire, la g\u00e9ographie, les tribus, les d\u00e9serts, les peuples, les races, les climats, le monde du d\u00e9lire c&#8217;est &#8220;Je suis une b\u00eate un n\u00e8gre&#8221; RIMBAUD, on d\u00e9lire le monde pas sa petite famille\u2026&#8221;<\/cite><br \/>\nExtraits d&#8217;Ab\u00e9c\u00e9daire de G. Deleuze<\/p>\n<p style=\"text-align: left;\"><cite>Je retiens, un d\u00e9sir, c&#8217;est construire.Travers\u00e9s par la pens\u00e9e du philosophe du d\u00e9sir cela fait na\u00eetre en nous un formidable d\u00e9sir d&#8217;aventure, de libert\u00e9, de th\u00e9\u00e2tre.Sans destination pr\u00e9cise, un couple sur sc\u00e8ne, un homme, une femme confront\u00e9s \u00e0 un floril\u00e8ge de textes autour du d\u00e9sir, un agencement arbitraire de textes (KAFKA, PLATON, MOLIERE, SARAH KANE, BONELLO, JAMES JOYCE, GHERASIM LUCA) qui finissent par cr\u00e9er un lien dans une ambiance voulue festive.Ce spectacle f\u00fbt con\u00e7u et cr\u00e9\u00e9 dans des appartements il y a quelques ann\u00e9es avec une distribution diff\u00e9rente comme un pr\u00e9liminaire au spectacle \u00abLe Songe d&#8217;une nuit d&#8217;\u00e9t\u00e9\u00bb.Il est repris et remodel\u00e9 cette ann\u00e9e selon une forme moins volontairement intimiste, un parcours buissonnier parmi de grands et moins grands textes, pour cesser de contempler les \u00e9toiles (l&#8217;origine latine du mot \u00ab d\u00e9sir \u00bb signifie cesser de contempler l&#8217;\u00e9toile, l&#8217;astre), rompre le manque, demander la lune et se maintenir l&#8217;espace d&#8217;une heure trente dans ce champ de tension, construction avec humeurs et mots pour se rapprocher des \u00e9toiles\u2026<\/cite><br \/>\nTheo Kailer<\/p>\n<p style=\"text-align: left;\"><span style=\"color: #00ffff;\">Con\u00e7u et mis en sc\u00e8ne par <\/span>Th\u00e9o Kailer\u00a0<span style=\"color: #760017;\"><span style=\"color: #00ffff;\">Avec<\/span> <\/span>Val\u00e9rie Furiosi, Th\u00e9o Kailer ou Denis L\u00e9ger Milhau<\/p>\n<div id='gallery-1' class='gallery galleryid-164 gallery-columns-2 gallery-size-thumbnail'><figure class='gallery-item'>\n\t\t\t<div class='gallery-icon portrait'>\n\t\t\t\t<a href='https:\/\/www.heliosperdita.com\/wp-content\/uploads\/0017.jpg'><img width=\"100\" height=\"100\" src=\"https:\/\/www.heliosperdita.com\/wp-content\/uploads\/0017-150x150.jpg\" class=\"attachment-thumbnail size-thumbnail\" alt=\"\" decoding=\"async\" loading=\"lazy\" \/><\/a>\n\t\t\t<\/div><\/figure><figure class='gallery-item'>\n\t\t\t<div class='gallery-icon portrait'>\n\t\t\t\t<a href='https:\/\/www.heliosperdita.com\/wp-content\/uploads\/0027.jpg'><img width=\"100\" height=\"100\" src=\"https:\/\/www.heliosperdita.com\/wp-content\/uploads\/0027-150x150.jpg\" class=\"attachment-thumbnail size-thumbnail\" alt=\"\" decoding=\"async\" loading=\"lazy\" \/><\/a>\n\t\t\t<\/div><\/figure><figure class='gallery-item'>\n\t\t\t<div class='gallery-icon portrait'>\n\t\t\t\t<a href='https:\/\/www.heliosperdita.com\/wp-content\/uploads\/0037.jpg'><img width=\"100\" height=\"100\" src=\"https:\/\/www.heliosperdita.com\/wp-content\/uploads\/0037-150x150.jpg\" class=\"attachment-thumbnail size-thumbnail\" alt=\"\" decoding=\"async\" loading=\"lazy\" \/><\/a>\n\t\t\t<\/div><\/figure><figure class='gallery-item'>\n\t\t\t<div class='gallery-icon portrait'>\n\t\t\t\t<a href='https:\/\/www.heliosperdita.com\/wp-content\/uploads\/0046.jpg'><img width=\"100\" height=\"100\" src=\"https:\/\/www.heliosperdita.com\/wp-content\/uploads\/0046-150x150.jpg\" class=\"attachment-thumbnail size-thumbnail\" alt=\"\" decoding=\"async\" loading=\"lazy\" \/><\/a>\n\t\t\t<\/div><\/figure><figure class='gallery-item'>\n\t\t\t<div class='gallery-icon portrait'>\n\t\t\t\t<a href='https:\/\/www.heliosperdita.com\/wp-content\/uploads\/0057.jpg'><img width=\"100\" height=\"100\" src=\"https:\/\/www.heliosperdita.com\/wp-content\/uploads\/0057-150x150.jpg\" class=\"attachment-thumbnail size-thumbnail\" alt=\"\" decoding=\"async\" loading=\"lazy\" \/><\/a>\n\t\t\t<\/div><\/figure><figure class='gallery-item'>\n\t\t\t<div class='gallery-icon portrait'>\n\t\t\t\t<a href='https:\/\/www.heliosperdita.com\/wp-content\/uploads\/0066.jpg'><img width=\"100\" height=\"100\" src=\"https:\/\/www.heliosperdita.com\/wp-content\/uploads\/0066-150x150.jpg\" class=\"attachment-thumbnail size-thumbnail\" alt=\"\" decoding=\"async\" loading=\"lazy\" \/><\/a>\n\t\t\t<\/div><\/figure><figure class='gallery-item'>\n\t\t\t<div class='gallery-icon portrait'>\n\t\t\t\t<a href='https:\/\/www.heliosperdita.com\/wp-content\/uploads\/0076-e1301643210366.jpg'><img width=\"100\" height=\"100\" src=\"https:\/\/www.heliosperdita.com\/wp-content\/uploads\/0076-150x150.jpg\" class=\"attachment-thumbnail size-thumbnail\" alt=\"\" decoding=\"async\" loading=\"lazy\" \/><\/a>\n\t\t\t<\/div><\/figure><figure class='gallery-item'>\n\t\t\t<div class='gallery-icon portrait'>\n\t\t\t\t<a href='https:\/\/www.heliosperdita.com\/wp-content\/uploads\/fond6.jpg'><img width=\"100\" height=\"100\" src=\"https:\/\/www.heliosperdita.com\/wp-content\/uploads\/fond6-150x150.jpg\" class=\"attachment-thumbnail size-thumbnail\" alt=\"\" decoding=\"async\" loading=\"lazy\" \/><\/a>\n\t\t\t<\/div><\/figure>\n\t\t<\/div>\n\n","protected":false},"excerpt":{"rendered":"<p>&#8220;Vous ne d\u00e9sirez jamais quelqu&#8217;un ou quelque chose, vous d\u00e9sirez un ensemble, vous ne d\u00e9sirez pas une femme, vous d\u00e9sirez un paysage qui est envelopp\u00e9 dans une femme, un paysage pressenti. Vous d\u00e9sirez une chose dans un contexte, vous ne d\u00e9sirez jamais quelque chose tout seul, ni un ensemble, vous d\u00e9sirez dans un ensemble. Le [&hellip;]<\/p>\n","protected":false},"author":2,"featured_media":0,"parent":1007,"menu_order":94,"comment_status":"closed","ping_status":"closed","template":"","meta":{"_exactmetrics_skip_tracking":false,"_exactmetrics_sitenote_active":false,"_exactmetrics_sitenote_note":"","_exactmetrics_sitenote_category":0},"_links":{"self":[{"href":"https:\/\/www.heliosperdita.com\/index.php?rest_route=\/wp\/v2\/pages\/164"}],"collection":[{"href":"https:\/\/www.heliosperdita.com\/index.php?rest_route=\/wp\/v2\/pages"}],"about":[{"href":"https:\/\/www.heliosperdita.com\/index.php?rest_route=\/wp\/v2\/types\/page"}],"author":[{"embeddable":true,"href":"https:\/\/www.heliosperdita.com\/index.php?rest_route=\/wp\/v2\/users\/2"}],"replies":[{"embeddable":true,"href":"https:\/\/www.heliosperdita.com\/index.php?rest_route=%2Fwp%2Fv2%2Fcomments&post=164"}],"version-history":[{"count":11,"href":"https:\/\/www.heliosperdita.com\/index.php?rest_route=\/wp\/v2\/pages\/164\/revisions"}],"predecessor-version":[{"id":1026,"href":"https:\/\/www.heliosperdita.com\/index.php?rest_route=\/wp\/v2\/pages\/164\/revisions\/1026"}],"up":[{"embeddable":true,"href":"https:\/\/www.heliosperdita.com\/index.php?rest_route=\/wp\/v2\/pages\/1007"}],"wp:attachment":[{"href":"https:\/\/www.heliosperdita.com\/index.php?rest_route=%2Fwp%2Fv2%2Fmedia&parent=164"}],"curies":[{"name":"wp","href":"https:\/\/api.w.org\/{rel}","templated":true}]}}